 - 34, -2*s - 1 + 5 = -2*w. What is the highest common factor of s and 8?
1
Let i(c) = c**2 - 8*c + 9. Let t be i(8). Let u(d) = d**2 - d - 5. Let w be u(3). What is the highest common factor of w and t?
1
Suppose -x = 23 - 24. Let j be (-2 - -1) + 10 + (x - -5). What is the greatest common factor of j and 20?
5
Let t = 4 + 78. Suppose z + n - 10 = -4*n, n = 4*z - t. What is the highest common divisor of 4 and z?
4
Suppose 5 = -3*p - 2*p. Let c(y) = -2*y - 1. Let i be c(p). Let h(r) = 6*r + 1. Let t be h(1). Calculate the highest common divisor of t and i.
1
Let g be ((-18)/12)/(2/(-4)). Suppose 0*s = -g*s - 36. Let o be (s + 1)/(5 - 6). What is the highest common divisor of o and 77?
11
Let i be -3 + ((-1545)/(-33) - (-4)/22). Suppose 4*y - b = 196, -5*b = 2*y - i - 76. Let x = 59 + -39. What is the highest common factor of x and y?
10
Let k = 348 + -267. What is the greatest common divisor of 18 and k?
9
Let a(g) = g**3 + 4*g**2 - 2*g - 3. Let j = 53 - 57. Let c be a(j). What is the greatest common factor of c and 45?
5
Suppose -u = -6 - 3. Let k(s) = s**3 + 6*s**2 - 5*s + 10. Let i be k(-7). Let r be i/(-6) - 4338/(-54). Calculate the highest common divisor of u and r.
9
Let j = 1740 - 1120. Calculate the highest common factor of 20 and j.
20
Suppose 5*f - 3*u = 25, 3*f - 3*u + 8*u = 15. Suppose -25*m = -10*m - 525. Calculate the highest common factor of f and m.
5
Let s be (-4 - (26 + 7))/(-1). Calculate the highest common divisor of s and 296.
37
Let v = -116 + 215. Suppose -21*a + 730 - 37 = 0. Calculate the highest common divisor of v and a.
33
Let n = -35 + 40. Suppose 0 = -w + 7 + n. Let m(v) = -41*v + 2. Let f be m(-2). Calculate the highest common divisor of w and f.
12
Suppose -q = -3*m + q + 50, m + 2*q = 22. Let a be ((-240)/70)/((-4)/378). Calculate the greatest common factor of a and m.
18
Suppose -k - 2*k = 2*k. Let f be (-1 - 15/9)*(k - 3). Calculate the highest common divisor of 32 and f.
8
Let h(t) = -t**3 - t**2 + 6*t + 1. Let v be h(-4). Suppose -z + 121 = -3*u + 8*u, u + z = v. Calculate the greatest common divisor of u and 16.
8
Suppose -343 = -30*q - 43. What is the greatest common factor of 4 and q?
2
Let z = -14 - -25. Suppose -385 = 6*l - z*l. Suppose 2*q = l - 17. Calculate the greatest common divisor of q and 15.
15
Suppose m - c = 7, -56*m + 55*m - 3 = -3*c. What is the highest common factor of m and 18?
6
Let w(x) = 4*x**2 - 2*x - 17. Let o be w(7). Suppose 5*g + s - 76 = o, -g = 5*s - 53. Calculate the highest common divisor of g and 12.
12
Let k be -3*(2 + (-20)/12). Let t be (k/((-2)/(-10)))/(-1). What is the greatest common divisor of 35 and t?
5
Suppose 14*h - 276 = 1264. Calculate the highest common divisor of 10 and h.
10
Let i(k) = 3*k**2 + 22*k - 3. Let t be i(-9). Let n(g) = g + 6. Let f be n(15). Calculate the highest common factor of f and t.
21
Let v(h) = -75*h + 855. Let l be v(11). Calculate the highest common factor of 78 and l.
6
Let a be 28/15 + 32/240. What is the highest common factor of 64 and a?
2
Suppose -5*i + 21 = 61. Let q = i + 11. Suppose q*m = 3*c - 36, 14 = -2*c + 3*c - 2*m. What is the highest common factor of 50 and c?
10
Let l = -28 + 12. Let h = 52 - 46. Let z be -9*l/h - 4. Calculate the highest common factor of z and 60.
20
Let c = 14 + -12. Suppose -2*f + 128 = c*f. Let g = 66 + -58. Calculate the greatest common factor of g and f.
8
Let r(f) = f**3 - 16*f**2 - 2*f + 14. Let m be r(16). Let k be 717/4 - m/24. What is the highest common divisor of k and 20?
20
Suppose -s + 2*l - l = 29, -3*l - 45 = s. Let q = s - -48. Let p = -32 - -62. What is the highest common divisor of p and q?
15
Let i = 116 + 34. What is the highest common factor of i and 20?
10
Let y = -40 - -86. What is the highest common divisor of y and 207?
23
Let i(z) be the third derivative of -z**5/60 - z**4/4 + 11*z**3/3 - 3*z**2. Let o be i(-7). What is the greatest common divisor of o and 20?
5
Suppose 175*x = 173*x + 4. Calculate the highest common divisor of x and 74.
2
Suppose -174 = 5*i - 8*i. What is the greatest common factor of 551 and i?
29
Let k(f) = -2*f**2 - 31*f + 55. Let y be k(-13). What is the greatest common factor of 1020 and y?
60
Suppose 4*o - 9*o = 35. Let h be 24/((o/14)/((-2)/4)). Let a = -111 - -183. Calculate the greatest common divisor of a and h.
24
Suppose 0 - 15 = -5*i. Let u be (168/(-60))/(6/(-45)). What is the greatest common factor of u and i?
3
Suppose f - 702 = -17*f. What is the greatest common factor of 2301 and f?
39
Let a be 0 + 2 - (-14 - (-9)/1). What is the highest common divisor of a and 539?
7
Suppose -3*g - 3 = 57. Let a be ((-8)/10)/(4/g). Let v be 1*(a/(-2) - -17). Calculate the highest common factor of 60 and v.
15
Suppose 5*s - 20 = -5*l, 4*l - s - 28 = -3*s. Suppose 0*t = 5*t - 200. Calculate the highest common divisor of l and t.
10
Let t be ((-240)/(-150))/((-4)/(-30)). Suppose v - 2 = 4. What is the highest common divisor of t and v?
6
Suppose -5*w - 27 = -267. Calculate the greatest common divisor of 160 and w.
16
Let k = 1037 + -962. What is the greatest common factor of k and 100?
25
Suppose 0 = -4*c - 2*y + 170, 3*c + 75 = 5*c - y. Let d = -3238 + 3248. Calculate the greatest common divisor of c and d.
10
Suppose 2*s - 180 = 4*x - 6*x, -25 = 5*x. What is the greatest common factor of s and 209?
19
Let d(z) = -2*z - 10. Let n be d(-6). Let h be (5/2)/1*n. Suppose 0 = -h*y - 0 + 90. Calculate the highest common divisor of y and 45.
9
Suppose -7*m + 216 = 5*m. What is the greatest common divisor of m and 225?
9
Let y = -14 - 1. Let d = y - -26. Suppose d = p - 1. What is the greatest common factor of 36 and p?
12
Suppose -q - 9 = 2*q, -4*q = -d + 23. What is the highest common factor of 187 and d?
11
Suppose 14*h = 10*h. Suppose 4*o - x = 23, h = -2*o - x + 14 + 5. Suppose 1 = -l + 8. What is the greatest common factor of l and o?
7
Let m = -322 - -396. What is the highest common factor of m and 1998?
74
Suppose -10*w + 4860 = 5*w. Calculate the greatest common divisor of w and 108.
108
Let b(u) = -51*u**3 + u**2 - 2*u - 2. Let t be b(-1). Let d = t + -9. What is the greatest common divisor of 215 and d?
43
Let m be (-39)/(-2) - (-2)/(-4). Let f = 35 - m. Let a(b) = -b**3 + 8*b**2 - 2*b + 4. Let d be a(6). Calculate the greatest common factor of f and d.
16
Let l = -1 - 1. Let u be (-11)/(l + 25/15). Calculate the highest common factor of u and 22.
11
Let w be 2/(-5)*105/(-14). Calculate the greatest common factor of 36 and w.
3
Let b = -1961 + 2093. Calculate the highest common divisor of 572 and b.
44
Suppose 11*u + 44*u - 1760 = 0. What is the highest common divisor of u and 16?
16
Suppose 0 = -3*q - 1 + 1. Let w = 40 + q. Suppose -51 = -5*o - 11. What is the highest common divisor of o and w?
8
Let v(r) = -r**3 - 6*r**2 + 22*r + 21. Let y be v(-9). Calculate the greatest common divisor of y and 352.
22
Let y be 24242/161*21/6. Calculate the greatest common divisor of y and 124.
31
Let w = 169 + -137. What is the highest common divisor of w and 272?
16
Suppose -55*f - 34*f = -13172. Calculate the highest common divisor of 1110 and f.
74
Suppose -706 = -9*j + 374. What is the greatest common factor of j and 200?
40
Let k(x) = x**2 + 9*x + 10. Let d be k(-9). Suppose -2*p + 4*n + 2 = -0*n, -4*p = -n - 18. What is the greatest common factor of p and d?
5
Let c = -86 + 102. Suppose 3*r + 27 = 3*q, 5*q - 106 = -4*r - c. Let d be 0 - (-6 - 1)*14. What is the greatest common factor of q and d?
14
Let t(n) = -27*n + 4. Let v be t(-4). Let w = 7 + -24. Let l(k) = k**3 + 18*k**2 + 17*k + 16. Let u be l(w). What is the highest common divisor of u and v?
16
Let j be 4*(2 + -7)/(-10). Let v(b) = -b**2 + 8*b + 18. Let x be v(8). Calculate the greatest common factor of j and x.
2
Suppose 3*s - 51 = -9. Suppose 4*u - 26 = -270*w + 267*w, 4*w = 4*u + 72. Calculate the greatest common factor of s and w.
14
Suppose 0*r + t + 6 = -r, 0 = 4*r - 2*t + 42. Let q = 10 + r. Suppose -p + 2*n = -10, -2*n - 6 = -3*p + 20. Calculate the greatest common divisor of q and p.
1
Suppose 19*s - 25*s - 48 = 0. Let x(t) = 3*t**2 + 8*t - 20. Let h be x(s). Calculate the greatest common divisor of h and 54.
54
Suppose -2*a = -66 - 114. What is the greatest common divisor of 225 and a?
45